{"id":128,"date":"2023-06-09T22:18:48","date_gmt":"2023-06-09T22:18:48","guid":{"rendered":"https:\/\/dachundbaugmbh.de\/?page_id=128"},"modified":"2025-08-23T11:19:03","modified_gmt":"2025-08-23T11:19:03","slug":"ueber-uns-2","status":"publish","type":"page","link":"https:\/\/dachundbaugmbh.de\/?page_id=128","title":{"rendered":"\u00dcber uns"},"content":{"rendered":"\t\t<div data-elementor-type=\"wp-page\" data-elementor-id=\"128\" class=\"elementor elementor-128\">\n\t\t\t\t\t\t<section class=\"elementor-section elementor-top-section elementor-element elementor-element-010f252 elementor-section-boxed elementor-section-height-default elementor-section-height-default\" data-id=\"010f252\" data-element_type=\"section\">\n\t\t\t\t\t\t<div class=\"elementor-container elementor-column-gap-default\">\n\t\t\t\t\t<div class=\"elementor-column elementor-col-100 elementor-top-column elementor-element elementor-element-ab41139\" data-id=\"ab41139\" data-element_type=\"column\">\n\t\t\t<div class=\"elementor-widget-wrap elementor-element-populated\">\n\t\t\t\t\t\t<div class=\"elementor-element elementor-element-333ffff elementor-widget elementor-widget-text-editor\" data-id=\"333ffff\" data-element_type=\"widget\" data-widget_type=\"text-editor.default\">\n\t\t\t\t<div class=\"elementor-widget-container\">\n\t\t\t\t\t\t\t\t\t<h5>Wir, die Firma M\u00fcller Dach und Bau GmbH, sind ein im Jahre 2005 gegr\u00fcndetes Familienunternehmen mit Sitz in Alsleben (Saale).<\/h5><h5><span style=\"font-size: var( --e-global-typography-text-font-size );\">Unser Familienunternehmen, gef\u00fchrt durch J\u00f6rg M\u00fcller, Spengler- und Dachdeckermeister, und Christian M\u00fcller, Zimmerer- und Dachdeckermeister, bietet Ihnen ma\u00dfgeschneiderte L\u00f6sungen im Bereich Dachdecker- und Zimmererarbeiten.\u00a0<br \/><\/span>Dar\u00fcber hinaus decken wir seit 10 Jahren zus\u00e4tzlich den Bereich Tief- und Hochbauarbeiten ab.\u00a0<\/h5><div>Seit Anfang 2024 begr\u00fc\u00dfen wir mit Robert Stratmann einen erfahrenen Maurermeister in unserem Team.\u00a0<\/div><h5>Besonders stolz sind wir auf unser stetig gewachsenes und qualifiziertes Team. Durch kontinuierliche Investitionen in Schulungen und Weiterbildungen haben wir daf\u00fcr gesorgt, dass unsere Mitarbeiter stets auf dem neuesten Stand sind und ihr Bestes geben, um unseren Kunden die bestm\u00f6glichen L\u00f6sungen anzubieten. Ihr Engagement und ihre Expertise haben es uns erm\u00f6glicht, unseren Service stetig zu verbessern und unser Unternehmen erfolgreich zu f\u00fchren.<br \/>Unsere Firma setzt auf moderne Technologien und arbeitet mit hochwertigen Materialien, um Ihnen h\u00f6chste Qualit\u00e4t und Zuverl\u00e4ssigkeit zu gew\u00e4hrleisten.\u00a0<\/h5><h5>Sie k\u00f6nnen sich auf eine fachgerechte Ausf\u00fchrung der Arbeit und eine professionelle Beratung verlassen.<\/h5><h5>Wir freuen uns, Sie bei Ihrem n\u00e4chsten Bauvorhaben zu unterst\u00fctzen.<\/h5>\t\t\t\t\t\t\t\t<\/div>\n\t\t\t\t<\/div>\n\t\t\t\t\t<\/div>\n\t\t<\/div>\n\t\t\t\t\t<\/div>\n\t\t<\/section>\n\t\t\t\t<section class=\"elementor-section elementor-top-section elementor-element elementor-element-7df773a elementor-section-boxed elementor-section-height-default elementor-section-height-default\" data-id=\"7df773a\" data-element_type=\"section\">\n\t\t\t\t\t\t<div class=\"elementor-container elementor-column-gap-default\">\n\t\t\t\t\t<div class=\"elementor-column elementor-col-100 elementor-top-column elementor-element elementor-element-58a41c1\" data-id=\"58a41c1\" data-element_type=\"column\">\n\t\t\t<div class=\"elementor-widget-wrap elementor-element-populated\">\n\t\t\t\t\t\t<div class=\"elementor-element elementor-element-b708d0f elementor-widget elementor-widget-image\" data-id=\"b708d0f\" data-element_type=\"widget\" data-widget_type=\"image.default\">\n\t\t\t\t<div class=\"elementor-widget-container\">\n\t\t\t\t\t\t\t\t\t\t\t\t\t\t\t<img fetchpriority=\"high\" decoding=\"async\" width=\"800\" height=\"697\" src=\"https:\/\/dachundbaugmbh.de\/wp-content\/uploads\/2025\/08\/Teamfoto-1.jpg\" class=\"attachment-large size-large wp-image-537\" alt=\"\" srcset=\"https:\/\/dachundbaugmbh.de\/wp-content\/uploads\/2025\/08\/Teamfoto-1.jpg 989w, https:\/\/dachundbaugmbh.de\/wp-content\/uploads\/2025\/08\/Teamfoto-1-300x261.jpg 300w, https:\/\/dachundbaugmbh.de\/wp-content\/uploads\/2025\/08\/Teamfoto-1-768x669.jpg 768w\" sizes=\"(max-width: 800px) 100vw, 800px\" \/>\t\t\t\t\t\t\t\t\t\t\t\t\t\t\t<\/div>\n\t\t\t\t<\/div>\n\t\t\t\t\t<\/div>\n\t\t<\/div>\n\t\t\t\t\t<\/div>\n\t\t<\/section>\n\t\t\t\t<section class=\"elementor-section elementor-top-section elementor-element elementor-element-d27a489 elementor-section-boxed elementor-section-height-default elementor-section-height-default\" data-id=\"d27a489\" data-element_type=\"section\">\n\t\t\t\t\t\t<div class=\"elementor-container elementor-column-gap-default\">\n\t\t\t\t\t<div class=\"elementor-column elementor-col-100 elementor-top-column elementor-element elementor-element-d4f130a\" data-id=\"d4f130a\" data-element_type=\"column\">\n\t\t\t<div class=\"elementor-widget-wrap elementor-element-populated\">\n\t\t\t\t\t\t<div class=\"elementor-element elementor-element-a24a777 elementor-widget elementor-widget-image\" data-id=\"a24a777\" data-element_type=\"widget\" data-widget_type=\"image.default\">\n\t\t\t\t<div class=\"elementor-widget-container\">\n\t\t\t\t\t\t\t\t\t\t\t\t\t\t\t<img decoding=\"async\" width=\"800\" height=\"534\" src=\"https:\/\/dachundbaugmbh.de\/wp-content\/uploads\/2023\/06\/Firmengelaende-bei-Sonne-10-1024x683.jpg\" class=\"attachment-large size-large wp-image-343\" alt=\"\" srcset=\"https:\/\/dachundbaugmbh.de\/wp-content\/uploads\/2023\/06\/Firmengelaende-bei-Sonne-10-1024x683.jpg 1024w, https:\/\/dachundbaugmbh.de\/wp-content\/uploads\/2023\/06\/Firmengelaende-bei-Sonne-10-300x200.jpg 300w, https:\/\/dachundbaugmbh.de\/wp-content\/uploads\/2023\/06\/Firmengelaende-bei-Sonne-10-768x512.jpg 768w, https:\/\/dachundbaugmbh.de\/wp-content\/uploads\/2023\/06\/Firmengelaende-bei-Sonne-10-1536x1024.jpg 1536w, https:\/\/dachundbaugmbh.de\/wp-content\/uploads\/2023\/06\/Firmengelaende-bei-Sonne-10-2048x1365.jpg 2048w\" sizes=\"(max-width: 800px) 100vw, 800px\" \/>\t\t\t\t\t\t\t\t\t\t\t\t\t\t\t<\/div>\n\t\t\t\t<\/div>\n\t\t\t\t\t<\/div>\n\t\t<\/div>\n\t\t\t\t\t<\/div>\n\t\t<\/section>\n\t\t\t\t<\/div>\n\t\t","protected":false},"excerpt":{"rendered":"<p>Wir, die Firma M\u00fcller Dach und Bau GmbH, sind ein im Jahre 2005 gegr\u00fcndetes Familienunternehmen mit Sitz in Alsleben (Saale). Unser Familienunternehmen, gef\u00fchrt durch J\u00f6rg M\u00fcller, Spengler- und Dachdeckermeister, und Christian M\u00fcller, Zimmerer- und Dachdeckermeister, bietet Ihnen ma\u00dfgeschneiderte L\u00f6sungen im Bereich Dachdecker- und Zimmererarbeiten.\u00a0Dar\u00fcber hinaus decken wir seit 10 Jahren zus\u00e4tzlich den Bereich Tief- und [&hellip;]<\/p>\n","protected":false},"author":1,"featured_media":0,"parent":0,"menu_order":0,"comment_status":"closed","ping_status":"closed","template":"","meta":{"footnotes":""},"class_list":["post-128","page","type-page","status-publish","hentry"],"_links":{"self":[{"href":"https:\/\/dachundbaugmbh.de\/index.php?rest_route=\/wp\/v2\/pages\/128","targetHints":{"allow":["GET"]}}],"collection":[{"href":"https:\/\/dachundbaugmbh.de\/index.php?rest_route=\/wp\/v2\/pages"}],"about":[{"href":"https:\/\/dachundbaugmbh.de\/index.php?rest_route=\/wp\/v2\/types\/page"}],"author":[{"embeddable":true,"href":"https:\/\/dachundbaugmbh.de\/index.php?rest_route=\/wp\/v2\/users\/1"}],"replies":[{"embeddable":true,"href":"https:\/\/dachundbaugmbh.de\/index.php?rest_route=%2Fwp%2Fv2%2Fcomments&post=128"}],"version-history":[{"count":46,"href":"https:\/\/dachundbaugmbh.de\/index.php?rest_route=\/wp\/v2\/pages\/128\/revisions"}],"predecessor-version":[{"id":552,"href":"https:\/\/dachundbaugmbh.de\/index.php?rest_route=\/wp\/v2\/pages\/128\/revisions\/552"}],"wp:attachment":[{"href":"https:\/\/dachundbaugmbh.de\/index.php?rest_route=%2Fwp%2Fv2%2Fmedia&parent=128"}],"curies":[{"name":"wp","href":"https:\/\/api.w.org\/{rel}","templated":true}]}}

Über uns

<div data-elementor-type="wp-page" data-elementor-id="128" class="elementor elementor-128">
						<section class="elementor-section elementor-top-section elementor-element elementor-element-010f252 elementor-section-boxed elementor-section-height-default elementor-section-height-default" data-id="010f252" data-element_type="section">
						<div class="elementor-container elementor-column-gap-default">
					<div class="elementor-column elementor-col-100 elementor-top-column elementor-element elementor-element-ab41139" data-id="ab41139" data-element_type="column">
			<div class="elementor-widget-wrap elementor-element-populated">
						<div class="elementor-element elementor-element-333ffff elementor-widget elementor-widget-text-editor" data-id="333ffff" data-element_type="widget" data-widget_type="text-editor.default">
				<div class="elementor-widget-container">
									<h5>Wir, die Firma Müller Dach und Bau GmbH, sind ein im Jahre 2005 gegründetes Familienunternehmen mit Sitz in Alsleben (Saale).</h5><h5><span style="font-size: var( --e-global-typography-text-font-size );">Unser Familienunternehmen, geführt durch Jörg Müller, Spengler- und Dachdeckermeister, und Christian Müller, Zimmerer- und Dachdeckermeister, bietet Ihnen maßgeschneiderte Lösungen im Bereich Dachdecker- und Zimmererarbeiten. <br /></span>Darüber hinaus decken wir seit 10 Jahren zusätzlich den Bereich Tief- und Hochbauarbeiten ab. </h5><div>Seit Anfang 2024 begrüßen wir mit Robert Stratmann einen erfahrenen Maurermeister in unserem Team. </div><h5>Besonders stolz sind wir auf unser stetig gewachsenes und qualifiziertes Team. Durch kontinuierliche Investitionen in Schulungen und Weiterbildungen haben wir dafür gesorgt, dass unsere Mitarbeiter stets auf dem neuesten Stand sind und ihr Bestes geben, um unseren Kunden die bestmöglichen Lösungen anzubieten. Ihr Engagement und ihre Expertise haben es uns ermöglicht, unseren Service stetig zu verbessern und unser Unternehmen erfolgreich zu führen.<br />Unsere Firma setzt auf moderne Technologien und arbeitet mit hochwertigen Materialien, um Ihnen höchste Qualität und Zuverlässigkeit zu gewährleisten. </h5><h5>Sie können sich auf eine fachgerechte Ausführung der Arbeit und eine professionelle Beratung verlassen.</h5><h5>Wir freuen uns, Sie bei Ihrem nächsten Bauvorhaben zu unterstützen.</h5>								</div>
				</div>
					</div>
		</div>
					</div>
		</section>
				<section class="elementor-section elementor-top-section elementor-element elementor-element-7df773a elementor-section-boxed elementor-section-height-default elementor-section-height-default" data-id="7df773a" data-element_type="section">
						<div class="elementor-container elementor-column-gap-default">
					<div class="elementor-column elementor-col-100 elementor-top-column elementor-element elementor-element-58a41c1" data-id="58a41c1" data-element_type="column">
			<div class="elementor-widget-wrap elementor-element-populated">
						<div class="elementor-element elementor-element-b708d0f elementor-widget elementor-widget-image" data-id="b708d0f" data-element_type="widget" data-widget_type="image.default">
				<div class="elementor-widget-container">
															<img fetchpriority="high" decoding="async" width="800" height="697" src="https://dachundbaugmbh.de/wp-content/uploads/2025/08/Teamfoto-1.jpg" class="attachment-large size-large wp-image-537" alt="" srcset="https://dachundbaugmbh.de/wp-content/uploads/2025/08/Teamfoto-1.jpg 989w, https://dachundbaugmbh.de/wp-content/uploads/2025/08/Teamfoto-1-300x261.jpg 300w, https://dachundbaugmbh.de/wp-content/uploads/2025/08/Teamfoto-1-768x669.jpg 768w" sizes="(max-width: 800px) 100vw, 800px" />															</div>
				</div>
					</div>
		</div>
					</div>
		</section>
				<section class="elementor-section elementor-top-section elementor-element elementor-element-d27a489 elementor-section-boxed elementor-section-height-default elementor-section-height-default" data-id="d27a489" data-element_type="section">
						<div class="elementor-container elementor-column-gap-default">
					<div class="elementor-column elementor-col-100 elementor-top-column elementor-element elementor-element-d4f130a" data-id="d4f130a" data-element_type="column">
			<div class="elementor-widget-wrap elementor-element-populated">
						<div class="elementor-element elementor-element-a24a777 elementor-widget elementor-widget-image" data-id="a24a777" data-element_type="widget" data-widget_type="image.default">
				<div class="elementor-widget-container">
															<img decoding="async" width="800" height="534" src="https://dachundbaugmbh.de/wp-content/uploads/2023/06/Firmengelaende-bei-Sonne-10-1024x683.jpg" class="attachment-large size-large wp-image-343" alt="" srcset="https://dachundbaugmbh.de/wp-content/uploads/2023/06/Firmengelaende-bei-Sonne-10-1024x683.jpg 1024w, https://dachundbaugmbh.de/wp-content/uploads/2023/06/Firmengelaende-bei-Sonne-10-300x200.jpg 300w, https://dachundbaugmbh.de/wp-content/uploads/2023/06/Firmengelaende-bei-Sonne-10-768x512.jpg 768w, https://dachundbaugmbh.de/wp-content/uploads/2023/06/Firmengelaende-bei-Sonne-10-1536x1024.jpg 1536w, https://dachundbaugmbh.de/wp-content/uploads/2023/06/Firmengelaende-bei-Sonne-10-2048x1365.jpg 2048w" sizes="(max-width: 800px) 100vw, 800px" />															</div>
				</div>
					</div>
		</div>
					</div>
		</section>
				</div>

<p>Wir, die Firma Müller Dach und Bau GmbH, sind ein im Jahre 2005 gegründetes Familienunternehmen mit Sitz in Alsleben (Saale). Unser Familienunternehmen, geführt durch Jörg Müller, Spengler- und Dachdeckermeister, und Christian Müller, Zimmerer- und Dachdeckermeister, bietet Ihnen maßgeschneiderte Lösungen im Bereich Dachdecker- und Zimmererarbeiten. Darüber hinaus decken wir seit 10 Jahren zusätzlich den Bereich Tief- und [&hellip;]</p>
